(g) = -g**3 + 7*g**2 + 7*g + 9. What is s(8)?
1
Let y(o) = -5*o - 4. Give y(1).
-9
Let f(n) = -2*n + 26. Determine f(13).
0
Let f(m) = -m**3 - 10*m**2 - 22*m + 1. Give f(-7).
8
Let x(a) = -2*a**2 + 24*a - 50. Give x(10).
-10
Let j(f) = f**2 + 13*f - 67. What is j(-17)?
1
Let l(c) = c - 1. Give l(-13).
-14
Let f(b) = 28*b + 442. Calculate f(-16).
-6
Let h(c) = 21*c + 36. What is h(5)?
141
Let c(b) = -b**3 - b - 27. Determine c(0).
-27
Let s(u) = u**3 + u**2 - 26*u - 15. Give s(-6).
-39
Let p(v) = 2*v + 29. What is p(0)?
29
Let v(g) = -9*g - 7. What is v(1)?
-16
Let j(b) = -13*b - 421. Give j(-32).
-5
Let m(i) = i**2 - 11*i + 4. Give m(13).
30
Let y(x) = x**2 - 19*x - 6. Determine y(19).
-6
Let a(u) = u**3 + 13*u**2 - 20*u - 75. Calculate a(-14).
9
Let k(m) = 7*m + 8. Calculate k(3).
29
Let r(p) = 25*p - 201. Calculate r(8).
-1
Let y(p) = 7*p + 85. Give y(-11).
8
Let o(a) = a**3 - 10*a**2 - 15*a + 33. What is o(11)?
-11
Let s(d) = -23*d**3 - d**2 + 2*d - 1. Determine s(1).
-23
Let n(a) = a**3 - 5*a**2 - 6*a + 22. What is n(4)?
-18
Let b(a) = 18*a**2 - a. Calculate b(-1).
19
Let g(w) = -8*w**2 - 2*w - 1. Determine g(-1).
-7
Let n(y) = 5*y - 6. Calculate n(2).
4
Let s(v) = -2*v**3 - 9*v**2 + 19*v + 2. What is s(-6)?
-4
Let u(t) = t**3 - 7*t**2 - 2*t + 6. Determine u(7).
-8
Let z(m) = m**2 - 5*m - 29. Determine z(9).
7
Let x(q) = -2*q**3 + 10*q**2 - 3*q - 8. Determine x(4).
12
Let y(z) = z**3 - z + 13. What is y(-3)?
-11
Let l(q) = -q**3 - q**2 - 58. What is l(0)?
-58
Let r(u) = u**3 + 7*u**2 - 82*u + 10. Calculate r(6).
-14
Let b(h) = h**3 + 2*h**2 + 10*h + 4. Give b(-5).
-121
Let q(o) = 6*o - 4. Give q(4).
20
Let w(m) = m**2 - 11*m - 22. Give w(12).
-10
Let u(c) = -2*c + 18. Calculate u(11).
-4
Let c(n) = -n**2 - 2*n - 1. Determine c(-1).
0
Let k(g) = -g**2 + 4*g + 2. Give k(7).
-19
Let q(k) = k**3 + 4*k**2 - 17*k - 48. Calculate q(-5).
12
Let x(n) = 17*n + 3. Determine x(2).
37
Let j(t) = -2*t**2 + 6*t - 4. Give j(4).
-12
Let m(j) = -3*j + 9. Give m(6).
-9
Let d(s) = -4*s - 44. Calculate d(-10).
-4
Let c(h) = -15*h**2 + 1. Give c(-1).
-14
Let d(u) = -u**2 - u + 6. Calculate d(-7).
-36
Let a(o) = o**2 + 3*o - 2. Give a(4).
26
Let f(k) = -7*k**2 + 4*k + 6. Calculate f(-3).
-69
Let h(m) = -m**3 + 10*m**2 - 14*m + 275. Determine h(11).
0
Let r(c) = -22*c + 31. Determine r(10).
-189
Let a(z) = -z**2 - 7*z - 13. Calculate a(-2).
-3
Let x(l) = -l**3 - 14*l**2 - 18*l + 3. Determine x(-13).
68
Let o(d) = -4*d**2 - 2*d + 4. Calculate o(3).
-38
Let n(v) = v**3 + 12*v**2 - 15. Give n(-12).
-15
Let u(h) = 2*h**2 - 21*h - 9. What is u(11)?
2
Let n(y) = 77*y + 616. What is n(-8)?
0
Let f(q) = -23*q - 296. Give f(-13).
3
Let c(o) = -o**3 + 6*o**2 - 3*o - 5. Give c(5).
5
Let j(v) = -v**3 - 7*v**2 + 3*v + 6. Calculate j(-6).
-48
Let u(f) = 2*f**2 + 22*f + 21. Give u(-1).
1
Let z(x) = -x**3 + 2*x**2 + x - 4. Calculate z(0).
-4
Let k(o) = -o**3 - 7*o**2 + 6*o - 8. Determine k(-8).
8
Let b(c) = -3*c - 67. Give b(-9).
-40
Let v(t) = t**2 - 26*t + 13. Give v(12).
-155
Let a(q) = -2*q**3 - 5*q**2 - q + 7. Calculate a(-2).
5
Let r(q) = q**3 + 15*q**2 + 32*q + 29. Give r(-12).
77
Let a(u) = -u**3 + 25*u - 1. Determine a(5).
-1
Let l(y) = -24*y - 354. Calculate l(-15).
6
Let t(f) = 45*f - 130. Calculate t(3).
5
Let m(i) = i**3 - 18*i**2 - 21*i + 28. What is m(19)?
-10
Let y(j) = j**2 + 12*j + 6. Determine y(-10).
-14
Let q(b) = -5*b + 19. What is q(7)?
-16
Let s(q) = q**3 - 8*q**2 - 2*q + 3. Give s(8).
-13
Let t(p) = p**2 - 14*p - 1. Determine t(14).
-1
Let o(g) = 2*g - 16. Determine o(12).
8
Let h(y) = 2*y**2 - 30*y + 43. Determine h(13).
-9
Let r(q) = -3*q + 134. What is r(42)?
8
Let n(z) = 2*z - 8. Calculate n(9).
10
Let h(n) = n**2 - 12*n + 4. Calculate h(11).
-7
Let q(v) = 8*v**2 + 7*v + 8. What is q(-4)?
108
Let l(q) = -2*q**2 - 6*q + 6. Give l(-5).
-14
Let m(q) = 25*q**3 + q + 1. What is m(-1)?
-25
Let b(h) = -h**3 - 5*h**2 + 3*h + 11. Calculate b(-5).
-4
Let d(b) = b**3 - 17*b**2 + 20*b - 1. Determine d(16).
63
Let d(h) = -h**2 + 24*h - 1. Give d(14).
139
Let i(x) = x**3 + 6*x**2 + 4*x + 5. Calculate i(-6).
-19
Let g(b) = b**3 + 8*b**2 + 12*b + 32. Calculate g(-7).
-3
Let p(f) = -29*f + 5. Determine p(1).
-24
Let c(t) = -t**2 - 33*t + 103. What is c(-36)?
-5
Let i(m) = m**3 - 8*m**2 - 13*m + 39. What is i(9)?
3
Let v(g) = g**3 - g + 6. Calculate v(0).
6
Let b(o) = -o**3 + 15*o**2 + 44*o - 182. Calculate b(17).
-12
Let a(l) = 22*l**3 - l + 1. Calculate a(1).
22
Let j(w) = 4*w + 24. Give j(-5).
4
Let t(c) = c**3 - 10*c**2 - 11*c + 7. Determine t(11).
7
Let o(i) = i**2 + 8*i + 14. Give o(-6).
2
Let x(c) = -c**3 + 5*c**2 - 7*c. Determine x(3).
-3
Let r(g) = 2*g - 3. Calculate r(10).
17
Let l(y) = -40*y + 1085. What is l(27)?
5
Let i(q) = -11*q - 67. What is i(-7)?
10
Let f(n) = n**3 + 11*n**2 + 25*n - 20. Determine f(-6).
10
Let o(b) = -b**2 - 8*b + 2. Determine o(-8).
2
Let t(y) = -y**2 - 5*y - 2. Determine t(-3).
4
Let h(p) = -p**3 - 2*p**2 + 2*p - 28. Calculate h(0).
-28
Let j(p) = -3*p**2 + 27*p - 3. Determine j(9).
-3
Let o(q) = 5*q + 17. Calculate o(-4).
-3
Let u(l) = -l**2 + l - 3. Calculate u(-4).
-23
Let z(n) = -n**3 - 5*n**2 + 2*n + 4. Give z(-5).
-6
Let x(y) = 5*y - 6. Determine x(5).
19
Let o(m) = -15*m**3 + 3*m**2 + 2*m - 1. Calculate o(-1).
15
Let g(o) = 12*o**2 - 2*o - 1. Give g(-1).
13
Let x(q) = q + 32. Determine x(-32).
0
Let h(c) = c**3 - 15*c**2 - 4*c + 18. Determine h(15).
-42
Let g(v) = -v**3 + 43*v**2 - 155*v - 24. Give g(39).
15
Let m(k) = -27*k**2 - 3*k - 2. Determine m(-2).
-104
Let n(l) = -l**3 + l**2 + 5*l - 4. Determine n(3).
-7
Let j(u) = -u**3 + 23*u**2 - 42*u + 3. What is j(21)?
3
Let m(t) = 2*t**2 - 42. Give m(-5).
8
Let m(k) = -2*k**2 + 3*k - 4. Determine m(-3).
-31
Let o(y) = -12*y - 143. Determine o(-10).
-23
Let y(o) = o**3 - 22*o**2 - 21*o - 50. Determine y(23).
-4
Let y(s) = s**2 - 19*s + 41. What is y(16)?
-7
Let s(v) = -v - 2. What is s(-14)?
12
Let t(m) = -m**3 - 8*m**2 + 2*m - 21. Calculate t(-8).
-37
Let i(c) = -c**2 - 11*c - 22. Determine i(-7).
6
Let m(u) = -2*u**3 - 8*u**2 + 3*u - 34. Give m(-5).
1
Let q(g) = g + 12. Determine q(-10).
2
Let f(m) = m**3 + 15*m**2 + 36*m - 4. Calculate f(-12).
-4
Let q(m) = -m**2 - 12*m + 4. What is q(-12)?
4
Let j(z) = -2*z**3 + 8*z**2 + 25*z + 6. Determine j(6).
12
Let r(f) = 4*f**2 - 10*f. Determine r(4).
24
Let i(j) = -5*j**2 - 8*j + 9. Calculate i(6).
-219
Let w(v) = 51*v**3 - v**2 - 2*v + 2. Give w(1).
50
Let k(q) = -q**2 + 13*q - 14. Give k(12).
-2
Let u(h) = -h**3 + 4*h**2 - 4*h + 11. What is u(4)?
-5
Let d(k) = k**3 - 6*k**2 - 2*k - 9. Give d(7).
26
Let g(n) = 13*n + 133. Calculate g(-12).
-23
Let t(f) = -9*f + 10. Determine t(3).
-17
Let w(n) = -n**2 - 34*n - 127. What is w(-29)?
18
Let v(z) = z**2 - 19*z + 15. Determine v(6).
-63
Let k(n) = n**3 - 4*n**2 - 47*n + 17. Determine k(9).
-1
Let t(r) = -r**2 + 23*r - 49. Determine t(3).
11
Let n(f) = f**2 + 23*f - 25. What is n(-26)?
53
Let b(r) = -r + 5. Determine b(-39).
44
Let a(l) = 2*l**3 - 7*l**2 - l - 4. Calculate a(5).
66
Let v(c) = 2*c**3 + 2*c**2 - 7*c + 1. Determine v(-3).
-14
Let u(d) = 2*d**3 + 73*d**2 + 35*d - 35. What is u(-36)?
1
Let j(s) = -7*s + 20. Calculate j(-8).
76
Let x(k) = -7*k**3 - k**2 + k + 1. What is x(1)?
-6
Let a(f) = -3*f + 9. What is a(5)?
-6
Let o(s) = -2*s + 14. Calculate o(19).
-24
Let o(z) = -z**3 - 30*z**2 - 31*z - 64. What is o(-29)?
-6
Let m(c) = -c**3 - 2*c**2 + 5*c - 3. What is m(-4)?
9
Let s(y) = 10*y**2 - 5*y + 5. What is s(2)?
35
Let c(d) = -4*d - 4. What is c(-8)?
28
Let g(b) = b**3 - 4*b**2 + 3. Determine g(3).
-6
Let j(o) = -6*o + 4. Determine j(5).
-26
Let g(y) = 4*y**2 + 2*y - 1. What is g(1)?
5
Let z(r) = 31*r + 11. Give z(-2).
-51
Let b(h) = -43*h**2 - 1. What is b(-1)?
-44
Let v(w) = -3*w - 14. Determine v(-6).
4
Let o(s) = -2*s**2 + 24*s + 32. Determine o(13).
6
Let v(w) = w**2 - 11*w + 1. Determine v(11).
1
Let u(p) = 23*p + 2. What is u(-3)?
-67
Let y(c) = -c**2 + 2*c - 1. Give y(2).
-1
Let t(m) = -9*m - 47. Give t(-4).
-11
Let r(m) = m**3 + 46*m**2 - 2*m - 98. Calculate r(-46).
-6
Let k(j) = j**3 - 8*j**2 - 9*j + 10. Determine k(9).
10
Let w(d) = -d - 1. Determine w(5).
-6
Let z(a) = -18*a**2 + a - 2. Give z(-2).
-76
Let n(s) = -s**2 - 9*s + 7. Give n(-10).
-3
Let n(l) = -54